{"id":9959,"date":"2025-08-31T04:13:04","date_gmt":"2025-08-31T04:13:04","guid":{"rendered":"https:\/\/www.enterpricecorp.com\/sitio\/?post_type=product&#038;p=9959"},"modified":"2025-08-31T04:13:04","modified_gmt":"2025-08-31T04:13:04","slug":"electrocardiografo-se-1200-express","status":"publish","type":"product","link":"https:\/\/www.enterpricecorp.com\/sitio\/producto\/electrocardiografo-se-1200-express\/","title":{"rendered":"Electrocardi\u00f3grafo SE \u2013 1200 EXPRESS"},"content":{"rendered":"","protected":false},"excerpt":{"rendered":"<p><strong>Caracter\u00edsticas:<\/strong><\/p>\n<ul>\n<li>Electrocardi\u00f3grafo de 12 canales<\/li>\n<li>Teclado Alfanum\u00e9rico y operaci\u00f3n a un toque<\/li>\n<li>Medici\u00f3n autom\u00e1tica e interpretaci\u00f3n de pruebas con base de dados CSE\/AHA\/MIT<\/li>\n<li>Forma de onda en tiempo real<\/li>\n<li>Tendencias gr\u00e1ficas de los \u00faltimos 120s de ECG<\/li>\n<li>Detecci\u00f3n autom\u00e1tica de Arritmias<\/li>\n<li>Gran capacidad de almacenamiento an\u00e1lisis de HRV<\/li>\n<\/ul>\n","protected":false},"featured_media":9953,"comment_status":"open","ping_status":"closed","template":"","meta":[],"product_brand":[],"product_cat":[87],"product_tag":[107,150],"class_list":{"0":"post-9959","1":"product","2":"type-product","3":"status-publish","4":"has-post-thumbnail","6":"product_cat-electrocardiografos","7":"product_tag-cardiologia","8":"product_tag-electrocardiografos","10":"first","11":"instock","12":"taxable","13":"shipping-taxable","14":"product-type-simple"},"_links":{"self":[{"href":"https:\/\/www.enterpricecorp.com\/sitio\/wp-json\/wp\/v2\/product\/9959","targetHints":{"allow":["GET"]}}],"collection":[{"href":"https:\/\/www.enterpricecorp.com\/sitio\/wp-json\/wp\/v2\/product"}],"about":[{"href":"https:\/\/www.enterpricecorp.com\/sitio\/wp-json\/wp\/v2\/types\/product"}],"replies":[{"embeddable":true,"href":"https:\/\/www.enterpricecorp.com\/sitio\/wp-json\/wp\/v2\/comments?post=9959"}],"version-history":[{"count":1,"href":"https:\/\/www.enterpricecorp.com\/sitio\/wp-json\/wp\/v2\/product\/9959\/revisions"}],"predecessor-version":[{"id":9960,"href":"https:\/\/www.enterpricecorp.com\/sitio\/wp-json\/wp\/v2\/product\/9959\/revisions\/9960"}],"wp:featuredmedia":[{"embeddable":true,"href":"https:\/\/www.enterpricecorp.com\/sitio\/wp-json\/wp\/v2\/media\/9953"}],"wp:attachment":[{"href":"https:\/\/www.enterpricecorp.com\/sitio\/wp-json\/wp\/v2\/media?parent=9959"}],"wp:term":[{"taxonomy":"product_brand","embeddable":true,"href":"https:\/\/www.enterpricecorp.com\/sitio\/wp-json\/wp\/v2\/product_brand?post=9959"},{"taxonomy":"product_cat","embeddable":true,"href":"https:\/\/www.enterpricecorp.com\/sitio\/wp-json\/wp\/v2\/product_cat?post=9959"},{"taxonomy":"product_tag","embeddable":true,"href":"https:\/\/www.enterpricecorp.com\/sitio\/wp-json\/wp\/v2\/product_tag?post=9959"}],"curies":[{"name":"wp","href":"https:\/\/api.w.org\/{rel}","templated":true}]}}