{"id":9865,"date":"2025-08-31T02:00:42","date_gmt":"2025-08-31T02:00:42","guid":{"rendered":"https:\/\/www.enterpricecorp.com\/sitio\/?post_type=product&#038;p=9865"},"modified":"2025-08-31T02:00:42","modified_gmt":"2025-08-31T02:00:42","slug":"contec-ecg80a","status":"publish","type":"product","link":"https:\/\/www.enterpricecorp.com\/sitio\/producto\/contec-ecg80a\/","title":{"rendered":"CONTEC ECG80A"},"content":{"rendered":"<p><strong>Introducci\u00f3n<\/strong><\/p>\n<p>ECG80A es un electrocardi\u00f3grafo que puede recopilar se\u00f1ales de ECG de 12 derivaciones e imprimir formas de onda mediante el sistema de impresi\u00f3n t\u00e9rmica. Se presenta en: registro y visualizaci\u00f3n de la forma de onda de ECG en modo AUTO \/ Manual, solicitando \u00abDesconexi\u00f3n\u00bb o \u00abFalta de papel\u00bb, interfaz opcional en varios idiomas (chino, ingl\u00e9s, alem\u00e1n, italiano, espa\u00f1ol, franc\u00e9s y turco), CA \/ DC, que muestra la forma de onda de ECG y el estado de funcionamiento mediante la pantalla LCD de 2,7 \u00ab. Es aplicable para su uso en ex\u00e1menes, cl\u00ednicas, tratamientos de emergencia y salas, etc.<\/p>\n<p><strong>Caracter\u00edsticas<\/strong><br \/>\n1) Adopte la tecnolog\u00eda de procesamiento de se\u00f1ales digitales y obtenga una forma de onda de ECG de alta calidad a trav\u00e9s del filtro de frecuencia de potencia, el filtro de l\u00ednea de base y el filtro EMG de la se\u00f1al de ECG.<br \/>\n2) Adopte un sistema de impresi\u00f3n t\u00e9rmica de alta resoluci\u00f3n (8 puntos \/ mm), sin necesidad de ning\u00fan ajuste. Frecuencia de grabaci\u00f3n: hasta 150Hz.<br \/>\n3) Anotaci\u00f3n y forma de onda de ECG monocanal de registro en tiempo real (incluida la marca de derivaci\u00f3n, la sensibilidad, la velocidad del papel y el estado del filtro, etc.).<br \/>\n4) En el modo AUTO, termine de grabar presionando el bot\u00f3n una vez, lo que mejora la eficiencia del trabajo.<br \/>\n5) Interfaz e informe en varios idiomas (chino, ingl\u00e9s, franc\u00e9s, italiano, alem\u00e1n, espa\u00f1ol y turco).<br \/>\n6) Bater\u00eda de litio desmontable, conveniente de usar y reemplazar.<br \/>\n7) En estado de CC \u00f3ptimo, hasta 8 horas de tiempo de espera, impresi\u00f3n continua de hasta 4 horas, registra hasta 150 formas de onda de ECG.<\/p>\n<p><strong>Actuaci\u00f3n<\/strong><br \/>\nModo de entrada: protecci\u00f3n flotante y de desfibrilaci\u00f3n<br \/>\nRespuesta de frecuencia: 0.05Hz ~ 150Hz (-3dB ~ + 0.4dB)<br \/>\nCMRR:&gt; 60dB,&gt; 100dB (agregar filtro)<br \/>\nConstante de tiempo: \u2265 3,2 s<br \/>\nCorriente de fuga del paciente: &lt;10\u00b5A<br \/>\nVoltaje de calibraci\u00f3n: 1 mV<br \/>\nSensibilidad: 5, 10, 20 mm \/ mV \u00b1 5%, sensibilidad est\u00e1ndar: 10 mm \/ mV \u00b1 2%<br \/>\nNivel de ruido: \u226415\u00b5Vp-p<br \/>\nCorriente del circuito de entrada: \u226450nA<br \/>\nImpedancia de entrada: \u226550 M\u03a9<br \/>\nPrecisi\u00f3n de muestreo: 12 bits<br \/>\nModo de grabaci\u00f3n: sistema de impresi\u00f3n t\u00e9rmica<br \/>\nTama\u00f1o del papel: 50 mm (ancho) \u00d7 20 m (largo)<br \/>\nFrecuencia de muestreo: 800 Hz.<br \/>\nFiltro de interferencia EMG: 35Hz (-3dB)<br \/>\nFiltro de frecuencia de alimentaci\u00f3n: CA 50Hz \/ 60Hz (-20dB)<br \/>\nVelocidad del papel: 25, 50 mm \/ s, \u00b1 5%<br \/>\nFuente de alimentaci\u00f3n: CC: adaptador de 9 V, bater\u00eda de litio recargable de 7,4 V \/ 2000 mAh<br \/>\nGrado impermeable: IPX0<br \/>\nModo de trabajo: trabajo continuo<br \/>\nClasificaci\u00f3n de seguridad: clase I, tipo CF y pieza aplicada a prueba de desfibrilaci\u00f3n.<\/p>\n<p><strong>Accesorios<\/strong><br \/>\nEst\u00e1ndar:<br \/>\nUn cable de plomo<br \/>\nUn electrodo de extremidad<br \/>\nUn electrodo de pecho<br \/>\nUn papel de registro t\u00e9rmico<br \/>\nUn cable de alimentaci\u00f3n<br \/>\nUn manual de usuario<br \/>\nUn adaptador de corriente<\/p>\n<p>Opcional:<br \/>\nSoftware ECG-Sync + cable USB<br \/>\nElectrodo de ECG<br \/>\nBolso<br \/>\nGel conductor<\/p>\n<p><strong>Caracter\u00edstica f\u00edsica<\/strong><br \/>\nAmbiente de trabajo<br \/>\nTemperatura: 5 \u2103 ~ 40 \u2103<br \/>\nHumedad relativa: 25% ~ 95% (sin condensaci\u00f3n)<br \/>\nPresi\u00f3n atmosf\u00e9rica: 700hPa ~ 1060hPa<br \/>\nEntorno de transporte y almacenamiento<br \/>\nTemperatura: -40 \u2103 ~ + 55 \u2103<br \/>\nHumedad relativa: \u226495%<br \/>\nPresi\u00f3n atmosf\u00e9rica: 500 hPa ~ 1060 hPa<br \/>\nDimensi\u00f3n: 190 mm (L) \u00d7 90 mm (W) \u00d7 40 mm (H)<br \/>\nPesar: 0.45Kg<\/p>\n","protected":false},"excerpt":{"rendered":"<p>Introducci\u00f3n ECG80A es un electrocardi\u00f3grafo que puede recopilar se\u00f1ales de ECG de 12 derivaciones e imprimir formas de onda mediante el sistema de impresi\u00f3n t\u00e9rmica. Se presenta en: registro y visualizaci\u00f3n de la forma de onda de ECG en modo AUTO \/ Manual, solicitando \u00abDesconexi\u00f3n\u00bb o \u00abFalta de papel\u00bb, interfaz opcional en varios idiomas (chino, ingl\u00e9s, alem\u00e1n, italiano, espa\u00f1ol, franc\u00e9s y turco), CA \/ DC, que muestra la forma de onda de ECG y el estado de funcionamiento mediante la pantalla LCD de 2,7 \u00ab. Es aplicable para su uso en ex\u00e1menes, cl\u00ednicas, tratamientos de emergencia y salas, etc. Caracter\u00edsticas 1) Adopte la tecnolog\u00eda de procesamiento de se\u00f1ales digitales y obtenga una forma de onda de ECG de alta calidad a trav\u00e9s del filtro de frecuencia de potencia, el filtro de l\u00ednea de base y el filtro EMG de la se\u00f1al de ECG. 2) Adopte un sistema de impresi\u00f3n t\u00e9rmica de alta resoluci\u00f3n (8 puntos \/ mm), sin necesidad de ning\u00fan ajuste. Frecuencia de grabaci\u00f3n: hasta 150Hz. 3) Anotaci\u00f3n y forma de onda de ECG monocanal de registro en tiempo real (incluida la marca de derivaci\u00f3n, la sensibilidad, la velocidad del papel y el estado del filtro, etc.). 4) En el modo AUTO, termine de grabar presionando el bot\u00f3n una vez, lo que mejora la eficiencia del trabajo. 5) Interfaz e informe en varios idiomas (chino, ingl\u00e9s, franc\u00e9s, italiano, alem\u00e1n, espa\u00f1ol y turco). 6) Bater\u00eda de litio desmontable, conveniente de usar y reemplazar. 7) En estado de CC \u00f3ptimo, hasta 8 horas de tiempo de espera, impresi\u00f3n continua de hasta 4 horas, registra hasta 150 formas de onda de ECG. Actuaci\u00f3n Modo de entrada: protecci\u00f3n flotante y de desfibrilaci\u00f3n Respuesta de frecuencia: 0.05Hz ~ 150Hz (-3dB ~ + 0.4dB) CMRR:&gt; 60dB,&gt; 100dB (agregar filtro) Constante de tiempo: \u2265 3,2 s Corriente de fuga del paciente: &lt;10\u00b5A Voltaje de calibraci\u00f3n: 1 mV Sensibilidad: 5, 10, 20 mm \/ mV \u00b1 5%, sensibilidad est\u00e1ndar: 10 mm \/ mV \u00b1 2% Nivel de ruido: \u226415\u00b5Vp-p Corriente del circuito de entrada: \u226450nA Impedancia de entrada: \u226550 M\u03a9 Precisi\u00f3n de muestreo: 12 bits Modo de grabaci\u00f3n: sistema de impresi\u00f3n t\u00e9rmica Tama\u00f1o del papel: 50 mm (ancho) \u00d7 20 m (largo) Frecuencia de muestreo: 800 Hz. Filtro de interferencia EMG: 35Hz (-3dB) Filtro de frecuencia de alimentaci\u00f3n: CA 50Hz \/ 60Hz (-20dB) Velocidad del papel: 25, 50 mm \/ s, \u00b1 5% Fuente de alimentaci\u00f3n: CC: adaptador de 9 V, bater\u00eda de litio recargable de 7,4 V \/ 2000 mAh Grado impermeable: IPX0 Modo de trabajo: trabajo continuo Clasificaci\u00f3n de seguridad: clase I, tipo CF y pieza aplicada a prueba de desfibrilaci\u00f3n. Accesorios Est\u00e1ndar: Un cable de plomo Un electrodo de extremidad Un electrodo de pecho Un papel de registro t\u00e9rmico Un cable de alimentaci\u00f3n Un manual de usuario Un adaptador de corriente Opcional: Software ECG-Sync + cable USB Electrodo de ECG Bolso Gel conductor Caracter\u00edstica f\u00edsica Ambiente de trabajo Temperatura: 5 \u2103 ~ 40 \u2103 Humedad relativa: 25% ~ 95% (sin condensaci\u00f3n) Presi\u00f3n atmosf\u00e9rica: 700hPa ~ 1060hPa Entorno de transporte y almacenamiento Temperatura: -40 \u2103 ~ + 55 \u2103 Humedad relativa: \u226495% Presi\u00f3n atmosf\u00e9rica: 500 hPa ~ 1060 hPa Dimensi\u00f3n: 190 mm (L) \u00d7 90 mm (W) \u00d7 40 mm (H) Pesar: 0.45Kg<\/p>\n","protected":false},"featured_media":9866,"comment_status":"open","ping_status":"closed","template":"","meta":[],"product_brand":[],"product_cat":[101],"product_tag":[175,176],"class_list":{"0":"post-9865","1":"product","2":"type-product","3":"status-publish","4":"has-post-thumbnail","6":"product_cat-monitor-de-ecg","7":"product_tag-contec-ecg80a","8":"product_tag-maquina-de-ecg-digital","10":"first","11":"instock","12":"taxable","13":"shipping-taxable","14":"product-type-simple"},"_links":{"self":[{"href":"https:\/\/www.enterpricecorp.com\/sitio\/wp-json\/wp\/v2\/product\/9865","targetHints":{"allow":["GET"]}}],"collection":[{"href":"https:\/\/www.enterpricecorp.com\/sitio\/wp-json\/wp\/v2\/product"}],"about":[{"href":"https:\/\/www.enterpricecorp.com\/sitio\/wp-json\/wp\/v2\/types\/product"}],"replies":[{"embeddable":true,"href":"https:\/\/www.enterpricecorp.com\/sitio\/wp-json\/wp\/v2\/comments?post=9865"}],"version-history":[{"count":1,"href":"https:\/\/www.enterpricecorp.com\/sitio\/wp-json\/wp\/v2\/product\/9865\/revisions"}],"predecessor-version":[{"id":9867,"href":"https:\/\/www.enterpricecorp.com\/sitio\/wp-json\/wp\/v2\/product\/9865\/revisions\/9867"}],"wp:featuredmedia":[{"embeddable":true,"href":"https:\/\/www.enterpricecorp.com\/sitio\/wp-json\/wp\/v2\/media\/9866"}],"wp:attachment":[{"href":"https:\/\/www.enterpricecorp.com\/sitio\/wp-json\/wp\/v2\/media?parent=9865"}],"wp:term":[{"taxonomy":"product_brand","embeddable":true,"href":"https:\/\/www.enterpricecorp.com\/sitio\/wp-json\/wp\/v2\/product_brand?post=9865"},{"taxonomy":"product_cat","embeddable":true,"href":"https:\/\/www.enterpricecorp.com\/sitio\/wp-json\/wp\/v2\/product_cat?post=9865"},{"taxonomy":"product_tag","embeddable":true,"href":"https:\/\/www.enterpricecorp.com\/sitio\/wp-json\/wp\/v2\/product_tag?post=9865"}],"curies":[{"name":"wp","href":"https:\/\/api.w.org\/{rel}","templated":true}]}}