{"id":9764,"date":"2025-08-31T00:14:55","date_gmt":"2025-08-31T00:14:55","guid":{"rendered":"https:\/\/www.enterpricecorp.com\/sitio\/?post_type=product&#038;p=9764"},"modified":"2025-08-31T00:14:55","modified_gmt":"2025-08-31T00:14:55","slug":"desfibrilador-dualmax","status":"publish","type":"product","link":"https:\/\/www.enterpricecorp.com\/sitio\/producto\/desfibrilador-dualmax\/","title":{"rendered":"Desfibrilador Dualmax"},"content":{"rendered":"<p><strong>Funci\u00f3n de Auto Secuencia de Carga \u2013 carga energ\u00edas preconfiguradas para la primera, segunda y tercera descargas, sin necesidad de alteraci\u00f3n manual del selector.<\/strong><\/p>\n<p><strong>Caracter\u00edsticas:<\/strong><\/p>\n<ul>\n<li>Ligero, peso 6,60 Kg<\/li>\n<li>Tecnolog\u00eda CTR (Chequeo en tiempo Real)<\/li>\n<li>Listo para usar en menos de 6 segundos.<\/li>\n<li>Energ\u00eda bif\u00e1sica entregada hasta 360 J.<\/li>\n<li>RCP. Maestro Ayuda a realizar la reanimaci\u00f3n cardiopulmonar midiendo la frecuencia y la profundidad de las compresiones tor\u00e1cicas aplicadas (opcional).<\/li>\n<li>Bater\u00eda interna, f\u00e1cil de reemplazar, permite m\u00e1s de 100 descarga.<\/li>\n<li>Pantalla colorida grande de 10.4\u201d. (Colocar en \u00edcono)<\/li>\n<li>Palas externas para adultos y ni\u00f1os, convertibles.<\/li>\n<\/ul>\n","protected":false},"excerpt":{"rendered":"<p>Funci\u00f3n de Auto Secuencia de Carga \u2013 carga energ\u00edas preconfiguradas para la primera, segunda y tercera descargas, sin necesidad de alteraci\u00f3n manual del selector. Caracter\u00edsticas: Ligero, peso 6,60 Kg Tecnolog\u00eda CTR (Chequeo en tiempo Real) Listo para usar en menos de 6 segundos. Energ\u00eda bif\u00e1sica entregada hasta 360 J. RCP. Maestro Ayuda a realizar la reanimaci\u00f3n cardiopulmonar midiendo la frecuencia y la profundidad de las compresiones tor\u00e1cicas aplicadas (opcional). Bater\u00eda interna, f\u00e1cil de reemplazar, permite m\u00e1s de 100 descarga. Pantalla colorida grande de 10.4\u201d. (Colocar en \u00edcono) Palas externas para adultos y ni\u00f1os, convertibles.<\/p>\n","protected":false},"featured_media":9765,"comment_status":"open","ping_status":"closed","template":"","meta":[],"product_brand":[],"product_cat":[90],"product_tag":[66,71,155,69],"class_list":{"0":"post-9764","1":"product","2":"type-product","3":"status-publish","4":"has-post-thumbnail","6":"product_cat-desfibriladores","7":"product_tag-ambulancia","8":"product_tag-cirugia","9":"product_tag-desfibriladores","10":"product_tag-uci-adultos","12":"first","13":"instock","14":"taxable","15":"shipping-taxable","16":"product-type-simple"},"_links":{"self":[{"href":"https:\/\/www.enterpricecorp.com\/sitio\/wp-json\/wp\/v2\/product\/9764","targetHints":{"allow":["GET"]}}],"collection":[{"href":"https:\/\/www.enterpricecorp.com\/sitio\/wp-json\/wp\/v2\/product"}],"about":[{"href":"https:\/\/www.enterpricecorp.com\/sitio\/wp-json\/wp\/v2\/types\/product"}],"replies":[{"embeddable":true,"href":"https:\/\/www.enterpricecorp.com\/sitio\/wp-json\/wp\/v2\/comments?post=9764"}],"version-history":[{"count":1,"href":"https:\/\/www.enterpricecorp.com\/sitio\/wp-json\/wp\/v2\/product\/9764\/revisions"}],"predecessor-version":[{"id":9768,"href":"https:\/\/www.enterpricecorp.com\/sitio\/wp-json\/wp\/v2\/product\/9764\/revisions\/9768"}],"wp:featuredmedia":[{"embeddable":true,"href":"https:\/\/www.enterpricecorp.com\/sitio\/wp-json\/wp\/v2\/media\/9765"}],"wp:attachment":[{"href":"https:\/\/www.enterpricecorp.com\/sitio\/wp-json\/wp\/v2\/media?parent=9764"}],"wp:term":[{"taxonomy":"product_brand","embeddable":true,"href":"https:\/\/www.enterpricecorp.com\/sitio\/wp-json\/wp\/v2\/product_brand?post=9764"},{"taxonomy":"product_cat","embeddable":true,"href":"https:\/\/www.enterpricecorp.com\/sitio\/wp-json\/wp\/v2\/product_cat?post=9764"},{"taxonomy":"product_tag","embeddable":true,"href":"https:\/\/www.enterpricecorp.com\/sitio\/wp-json\/wp\/v2\/product_tag?post=9764"}],"curies":[{"name":"wp","href":"https:\/\/api.w.org\/{rel}","templated":true}]}}