{"id":10498,"date":"2025-09-02T00:51:36","date_gmt":"2025-09-02T00:51:36","guid":{"rendered":"https:\/\/www.enterpricecorp.com\/sitio\/?post_type=product&#038;p=10498"},"modified":"2025-09-02T00:51:36","modified_gmt":"2025-09-02T00:51:36","slug":"contec21","status":"publish","type":"product","link":"https:\/\/www.enterpricecorp.com\/sitio\/producto\/contec21\/","title":{"rendered":"CONTEC21"},"content":{"rendered":"<p><strong>Funci\u00f3n<\/strong><\/p>\n<ul>\n<li>Con indicador de trabajo<\/li>\n<li>Filtros incorporados para purear el gas<\/li>\n<li>Indicador de estado de concentraci\u00f3n de ox\u00edgeno<\/li>\n<li>Funci\u00f3n de acumular tiempo<\/li>\n<li>Funci\u00f3n de apagado de temporizaci\u00f3n<\/li>\n<li>Alarma por corte de energ\u00eda<\/li>\n<li>Alarma para protecci\u00f3n de alta\/baja presi\u00f3n<\/li>\n<li>Alarma para caudal bajo<\/li>\n<li>Alarma para alta temperatura<\/li>\n<\/ul>\n","protected":false},"excerpt":{"rendered":"<p><strong>Introducci\u00f3n<\/strong><\/p>\n<p>El concentrador de ox\u00edgeno CONTEC21 consisti\u00f3 en compresor de aire, torre de adsorci\u00f3n de tamiz molecular, sensor y controlador de caudal. Con el tamiz molecular como absorbente, la m\u00e1quina adopta el m\u00e9todo PSA (absorbedores de cambio de presi\u00f3n) para concentrar directamente el ox\u00edgeno m\u00e9dico con alta concentraci\u00f3n del aire.<\/p>\n<p>Es peque\u00f1o y m\u00f3vil. La m\u00e1quina toma las ventajas de peque\u00f1o en volumen, ligero en peso, conveniente en movimiento (ya que tiene cami\u00f3n giratorio), estable en rendimiento, alto en seguridad, f\u00e1cil de operar, bajo en ruido, seguro en el trabajo, que cumple con los requisitos del dispositivo m\u00e9dico.<\/p>\n<p>La m\u00e1quina tiene una amplia aplicaci\u00f3n, que incluye cl\u00ednica, hospital, barra de ox\u00edgeno, puesto avanzado de meseta, centro de gimnasio, etc.<\/p>\n","protected":false},"featured_media":10499,"comment_status":"open","ping_status":"closed","template":"","meta":[],"product_brand":[],"product_cat":[238],"product_tag":[239,200],"class_list":{"0":"post-10498","1":"product","2":"type-product","3":"status-publish","4":"has-post-thumbnail","6":"product_cat-concentrador-de-oxigeno","7":"product_tag-concentrador","8":"product_tag-oxigeno","10":"first","11":"instock","12":"taxable","13":"shipping-taxable","14":"product-type-simple"},"_links":{"self":[{"href":"https:\/\/www.enterpricecorp.com\/sitio\/wp-json\/wp\/v2\/product\/10498","targetHints":{"allow":["GET"]}}],"collection":[{"href":"https:\/\/www.enterpricecorp.com\/sitio\/wp-json\/wp\/v2\/product"}],"about":[{"href":"https:\/\/www.enterpricecorp.com\/sitio\/wp-json\/wp\/v2\/types\/product"}],"replies":[{"embeddable":true,"href":"https:\/\/www.enterpricecorp.com\/sitio\/wp-json\/wp\/v2\/comments?post=10498"}],"version-history":[{"count":1,"href":"https:\/\/www.enterpricecorp.com\/sitio\/wp-json\/wp\/v2\/product\/10498\/revisions"}],"predecessor-version":[{"id":10500,"href":"https:\/\/www.enterpricecorp.com\/sitio\/wp-json\/wp\/v2\/product\/10498\/revisions\/10500"}],"wp:featuredmedia":[{"embeddable":true,"href":"https:\/\/www.enterpricecorp.com\/sitio\/wp-json\/wp\/v2\/media\/10499"}],"wp:attachment":[{"href":"https:\/\/www.enterpricecorp.com\/sitio\/wp-json\/wp\/v2\/media?parent=10498"}],"wp:term":[{"taxonomy":"product_brand","embeddable":true,"href":"https:\/\/www.enterpricecorp.com\/sitio\/wp-json\/wp\/v2\/product_brand?post=10498"},{"taxonomy":"product_cat","embeddable":true,"href":"https:\/\/www.enterpricecorp.com\/sitio\/wp-json\/wp\/v2\/product_cat?post=10498"},{"taxonomy":"product_tag","embeddable":true,"href":"https:\/\/www.enterpricecorp.com\/sitio\/wp-json\/wp\/v2\/product_tag?post=10498"}],"curies":[{"name":"wp","href":"https:\/\/api.w.org\/{rel}","templated":true}]}}