{"id":10411,"date":"2025-09-01T02:19:32","date_gmt":"2025-09-01T02:19:32","guid":{"rendered":"https:\/\/www.enterpricecorp.com\/sitio\/?post_type=product&#038;p=10411"},"modified":"2025-09-01T02:19:32","modified_gmt":"2025-09-01T02:19:32","slug":"faja-lumbo-sacra-tipo-camp","status":"publish","type":"product","link":"https:\/\/www.enterpricecorp.com\/sitio\/producto\/faja-lumbo-sacra-tipo-camp\/","title":{"rendered":"Faja Lumbo Sacra Tipo Camp"},"content":{"rendered":"<p><strong>Beneficios<\/strong><\/p>\n<p><strong>Informaci\u00f3n Importante: La imagen es de uso \u00fanicamente ilustrativo e informativo. Algunos colores y atributos pueden no estar disponibles o no corresponder al producto. Para mayor informaci\u00f3n sobre disponibilidad de colores y caracter\u00edsticas, consulte con su asesor comercial.<\/strong><\/p>\n<ul>\n<li>Limitan la flexi\u00f3n p\u00e9lvica para restaurar el alineamiento de la columna.<\/li>\n<li>Estimulan el h\u00e1bito al uso de t\u00e9cnicas adecuadas para el levantamiento de pesos.<\/li>\n<li>Proporcionan un firme apoyo al \u00e1rea lumbar baja ante el esfuerzo de cargas.<\/li>\n<\/ul>\n<p><strong>Caracter\u00edsticas<\/strong><\/p>\n<ul>\n<li>Corrector de postura<\/li>\n<li>Manejo del dolor lumbar y escoliosis<\/li>\n<li>Bandas en aluminio moldeable<\/li>\n<li>Tama\u00f1o ajustable<\/li>\n<li>Empaque eco-amigable<\/li>\n<li>Material durable<\/li>\n<\/ul>\n<p><strong>Especificaciones<\/strong><\/p>\n<ul>\n<li>Corrector de postura<\/li>\n<li>Manejo del dolor lumbar y escoliosis<\/li>\n<li>Bandas en aluminio moldeable<\/li>\n<li>Tama\u00f1o ajustable<\/li>\n<li>Empaque eco-amigable<\/li>\n<li>Material durable<\/li>\n<\/ul>\n","protected":false},"excerpt":{"rendered":"<p>Elaborada en bondeados de poli\u00e9ster hipoalerg\u00e9nico y respirable, resortes<br \/>\nresistentes laterales y bandas de refuerzo el\u00e1stico libres de l\u00e1tex, velcros<br \/>\ngancho y felpa, varillas de aluminio posteriores, verticales contorneadas a<br \/>\nla estructura de la espalda. Est\u00e1 dise\u00f1ada para tratamientos de esp\u00f3ndilo<br \/>\nartrosis, esguince y desgarre muscular en la regi\u00f3n lumbar, escoliosis menores<br \/>\nde 25\u00b0, post-operatorios de columna lumbosacra, propone una comprensi\u00f3n<br \/>\ny limita parcialmente los movimientos de la columna lumbar disminuyendo<br \/>\nas\u00ed la inflamaci\u00f3n y permitiendo que su uso sea agradable y no invasivo.<\/p>\n","protected":false},"featured_media":10412,"comment_status":"open","ping_status":"closed","template":"","meta":[],"product_brand":[],"product_cat":[82],"product_tag":[225],"class_list":{"0":"post-10411","1":"product","2":"type-product","3":"status-publish","4":"has-post-thumbnail","6":"product_cat-linea-blanda","7":"product_tag-linea-blanda","9":"first","10":"instock","11":"taxable","12":"shipping-taxable","13":"product-type-simple"},"_links":{"self":[{"href":"https:\/\/www.enterpricecorp.com\/sitio\/wp-json\/wp\/v2\/product\/10411","targetHints":{"allow":["GET"]}}],"collection":[{"href":"https:\/\/www.enterpricecorp.com\/sitio\/wp-json\/wp\/v2\/product"}],"about":[{"href":"https:\/\/www.enterpricecorp.com\/sitio\/wp-json\/wp\/v2\/types\/product"}],"replies":[{"embeddable":true,"href":"https:\/\/www.enterpricecorp.com\/sitio\/wp-json\/wp\/v2\/comments?post=10411"}],"version-history":[{"count":1,"href":"https:\/\/www.enterpricecorp.com\/sitio\/wp-json\/wp\/v2\/product\/10411\/revisions"}],"predecessor-version":[{"id":10413,"href":"https:\/\/www.enterpricecorp.com\/sitio\/wp-json\/wp\/v2\/product\/10411\/revisions\/10413"}],"wp:featuredmedia":[{"embeddable":true,"href":"https:\/\/www.enterpricecorp.com\/sitio\/wp-json\/wp\/v2\/media\/10412"}],"wp:attachment":[{"href":"https:\/\/www.enterpricecorp.com\/sitio\/wp-json\/wp\/v2\/media?parent=10411"}],"wp:term":[{"taxonomy":"product_brand","embeddable":true,"href":"https:\/\/www.enterpricecorp.com\/sitio\/wp-json\/wp\/v2\/product_brand?post=10411"},{"taxonomy":"product_cat","embeddable":true,"href":"https:\/\/www.enterpricecorp.com\/sitio\/wp-json\/wp\/v2\/product_cat?post=10411"},{"taxonomy":"product_tag","embeddable":true,"href":"https:\/\/www.enterpricecorp.com\/sitio\/wp-json\/wp\/v2\/product_tag?post=10411"}],"curies":[{"name":"wp","href":"https:\/\/api.w.org\/{rel}","templated":true}]}}