{"id":10088,"date":"2025-08-31T21:51:45","date_gmt":"2025-08-31T21:51:45","guid":{"rendered":"https:\/\/www.enterpricecorp.com\/sitio\/?post_type=product&#038;p=10088"},"modified":"2025-09-02T16:30:14","modified_gmt":"2025-09-02T16:30:14","slug":"silla-de-ruedas-estandar-doble-proposito-konfort-plus","status":"publish","type":"product","link":"https:\/\/www.enterpricecorp.com\/sitio\/producto\/silla-de-ruedas-estandar-doble-proposito-konfort-plus\/","title":{"rendered":"Silla de Ruedas Est\u00e1ndar Doble Prop\u00f3sito Konfort Plus"},"content":{"rendered":"<div class=\"product-field product-field-type-Y card col-12 col-sm-12 col-md-12 col-lg-12 col-xl-12 px-0 rounded-0 just-border-bottom border-bottom-gray-D8 mb-0\">\n<div id=\"headinguserpersona\" class=\"card-header bg-none px-0 no-border\"><strong>Beneficios<\/strong><\/div>\n<div>\n<p><strong>Informaci\u00f3n Importante: La imagen es de uso \u00fanicamente ilustrativo e informativo. Algunos colores y atributos pueden no estar disponibles o no corresponder al producto. Para mayor informaci\u00f3n sobre disponibilidad de colores y caracter\u00edsticas, consulte con su asesor comercial.<\/strong><\/p>\n<ul>\n<li>Liviana y resistente por su estructura en aluminio doble cruceta..<\/li>\n<li>Pr\u00e1ctica para almacenar y transportar por sus llantas con pin de desmonte r\u00e1pido.<\/li>\n<li>F\u00e1cil para realizar transferencias por sus apoyabrazos abatibles y removibles.<\/li>\n<li>Segura por su freno de mano para el cuidador y usuario.<\/li>\n<\/ul>\n<\/div>\n<\/div>\n<div class=\"clear\"><strong>Caracter\u00edsticas<\/strong><\/div>\n<div>\n<ul>\n<li>Marco plegable en aluminio de medidas est\u00e1ndar<\/li>\n<li>Llantas traseras neum\u00e1ticas y rin radio con pin de desmonte r\u00e1pido (para uso como silla est\u00e1ndar) .<\/li>\n<li>Cuatro llantas peque\u00f1as macizas rin estrella (para uso como silla de transporte)<\/li>\n<li>Confortable tapicer\u00eda en lona y cobertura acolchada removible<\/li>\n<li>Freno manual en llantas traseras<\/li>\n<li>Asas de empuje con mango ergon\u00f3mico y frenos para cuidador tipo guaya<\/li>\n<li>Reposapi\u00e9s abatibles y removibles con plataforma graduable<\/li>\n<li>Apoyabrazos abatibles y removibles en poliuretano para confort<\/li>\n<li>Recomendaci\u00f3n de uso: 40% en interiores, 60% en exteriores<\/li>\n<\/ul>\n<\/div>\n","protected":false},"excerpt":{"rendered":"<div class=\"product-short-description font-size-16 text-gray-98\">Para quienes necesitan ayuda para movilizarse o se movilizan de forma independiente, esta silla puede ser usada y configurada para usarse de estas dos formas. Cuando necesite transportarla o guardarla, ser\u00e1 m\u00e1s f\u00e1cil gracias a su opci\u00f3n de desmonte r\u00e1pido de sus llantas y sus partes removibles.<\/div>\n<div>\n<div><strong>Espeficicaciones<\/strong><\/div>\n<div>\n<ul>\n<li><strong>Material<\/strong>\u00a0Aluminio.<\/li>\n<li><strong>Peso neto\u00a0<\/strong>13 kg<\/li>\n<li><strong>Capacidad de peso\u00a0<\/strong>90 kg.<\/li>\n<li><strong>Cuatro ruedas\u00a0<\/strong>Rin estrella maciza 6 x 1\u2033 (para uso como silla de transporte).<\/li>\n<li><strong>Ruedas traseras\u00a0<\/strong>Rin radio neum\u00e1ticas 22 x 1 3\/8\u2033 (para uso como silla est\u00e1ndar).<\/li>\n<\/ul>\n<p><strong>Medidas<\/strong><\/p>\n<ul>\n<li><strong>Ancho total de la silla<\/strong>\u00a064 cm.<\/li>\n<li><strong>Ancho del asiento<\/strong>\u00a046 cm.<\/li>\n<li><strong>Altura total de la silla\u00a0<\/strong>95 cm.<\/li>\n<li><strong>Altura del respaldo<\/strong>\u00a047 cm.<\/li>\n<li><strong>Altura del apoyabrazos<\/strong>\u00a020 cm.<\/li>\n<li><strong>Altura de los reposapi\u00e9s\u00a0<\/strong>M\u00edn 30 cm \u2013 M\u00e1x 41 cm.<\/li>\n<li><strong>Profundidad del asiento<\/strong>\u00a041 cm.<\/li>\n<\/ul>\n<\/div>\n<\/div>\n","protected":false},"featured_media":10089,"comment_status":"open","ping_status":"closed","template":"","meta":[],"product_brand":[],"product_cat":[73],"product_tag":[207],"class_list":{"0":"post-10088","1":"product","2":"type-product","3":"status-publish","4":"has-post-thumbnail","6":"product_cat-sillas-de-ruedas-estandar","7":"product_tag-silla-de-ruedas","9":"first","10":"instock","11":"taxable","12":"shipping-taxable","13":"product-type-simple"},"_links":{"self":[{"href":"https:\/\/www.enterpricecorp.com\/sitio\/wp-json\/wp\/v2\/product\/10088","targetHints":{"allow":["GET"]}}],"collection":[{"href":"https:\/\/www.enterpricecorp.com\/sitio\/wp-json\/wp\/v2\/product"}],"about":[{"href":"https:\/\/www.enterpricecorp.com\/sitio\/wp-json\/wp\/v2\/types\/product"}],"replies":[{"embeddable":true,"href":"https:\/\/www.enterpricecorp.com\/sitio\/wp-json\/wp\/v2\/comments?post=10088"}],"version-history":[{"count":1,"href":"https:\/\/www.enterpricecorp.com\/sitio\/wp-json\/wp\/v2\/product\/10088\/revisions"}],"predecessor-version":[{"id":10095,"href":"https:\/\/www.enterpricecorp.com\/sitio\/wp-json\/wp\/v2\/product\/10088\/revisions\/10095"}],"wp:featuredmedia":[{"embeddable":true,"href":"https:\/\/www.enterpricecorp.com\/sitio\/wp-json\/wp\/v2\/media\/10089"}],"wp:attachment":[{"href":"https:\/\/www.enterpricecorp.com\/sitio\/wp-json\/wp\/v2\/media?parent=10088"}],"wp:term":[{"taxonomy":"product_brand","embeddable":true,"href":"https:\/\/www.enterpricecorp.com\/sitio\/wp-json\/wp\/v2\/product_brand?post=10088"},{"taxonomy":"product_cat","embeddable":true,"href":"https:\/\/www.enterpricecorp.com\/sitio\/wp-json\/wp\/v2\/product_cat?post=10088"},{"taxonomy":"product_tag","embeddable":true,"href":"https:\/\/www.enterpricecorp.com\/sitio\/wp-json\/wp\/v2\/product_tag?post=10088"}],"curies":[{"name":"wp","href":"https:\/\/api.w.org\/{rel}","templated":true}]}}