{"id":10053,"date":"2025-08-31T21:25:54","date_gmt":"2025-08-31T21:25:54","guid":{"rendered":"https:\/\/www.enterpricecorp.com\/sitio\/?post_type=product&#038;p=10053"},"modified":"2025-08-31T21:25:54","modified_gmt":"2025-08-31T21:25:54","slug":"silla-de-ruedas-pediatrica-deportiva-g5-konfort-plus","status":"publish","type":"product","link":"https:\/\/www.enterpricecorp.com\/sitio\/producto\/silla-de-ruedas-pediatrica-deportiva-g5-konfort-plus\/","title":{"rendered":"Silla de Ruedas Pedi\u00e1trica Deportiva G5 Konfort Plus"},"content":{"rendered":"","protected":false},"excerpt":{"rendered":"<p><strong>Beneficios<\/strong><\/p>\n<p><strong>Informaci\u00f3n Importante: La imagen es de uso \u00fanicamente ilustrativo e informativo. Algunos colores y atributos pueden no estar disponibles o no corresponder al producto. Para mayor informaci\u00f3n sobre disponibilidad de colores y caracter\u00edsticas, consulte con su asesor comercial.<\/strong><\/p>\n<ul>\n<li>Se adapta a las medidas.<\/li>\n<li>Pr\u00e1ctico para almacenar y transportar por su marco plegable y llantas con pin de desmonte r\u00e1pido.<\/li>\n<li>Ayuda al posicionamiento por su tensi\u00f3n regulable en el respaldo y asiento.<\/li>\n<li>Seguridad por sus ruedas antivuelco.<\/li>\n<\/ul>\n<p><strong>Caracteristicas<\/strong><\/p>\n<ul>\n<li>Marco plegable en aluminio liviano con opci\u00f3n de ajustes en ancho y profundidad<\/li>\n<li>Llantas en poliuretano y rin radio con pin de desmonte r\u00e1pido y graduaci\u00f3n en altura que permite cambiar el centro de gravedad de la silla<\/li>\n<li>Respaldo con reclinaci\u00f3n fija por tornillo de 85 a 105 grados<\/li>\n<li>Apoyabrazos en poliuretano removibles y ajustables en altura<\/li>\n<li>Cobertor acolchado y coj\u00edn en espuma<\/li>\n<li>Freno manual en llantas traseras<\/li>\n<li>Banda para sujeci\u00f3n en cada uno de los reposapi\u00e9s<\/li>\n<li>Reposapi\u00e9s abatibles, removibles y graduables en altura con plataforma de graduaci\u00f3n tibiot\u00e1rsica<\/li>\n<li>Incluye cintur\u00f3n de seguridad<\/li>\n<li>Asas de empuje graduables en altura<\/li>\n<li>Recomendaci\u00f3n 60% exterior 40% interior<\/li>\n<\/ul>\n<p>Especificaciones<\/p>\n<ul>\n<li><strong>Material<\/strong>\u00a0Aluminio pintado.<\/li>\n<li><strong>Peso neto<\/strong>\u00a015,33 Kg.<\/li>\n<li><strong>Capacidad de peso<\/strong>\u00a090 kg.<\/li>\n<li><strong>Ruedas delanteras<\/strong>\u00a0Rin estrella en poliuretano 6\u2033.<\/li>\n<li><strong>Llantas traseras\u00a0<\/strong>rin radio 22\u2033 x 1 3\/8\u2033 en poliuretano con pin de desmonte r\u00e1pido y graduaci\u00f3n.<\/li>\n<\/ul>\n<p><strong>User persona<\/strong><\/p>\n<p>Ni\u00f1o con estilo de vida activo que le gusta salir de su casa y moverse de forma independiente<\/p>\n<p>&nbsp;<\/p>\n","protected":false},"featured_media":10054,"comment_status":"open","ping_status":"closed","template":"","meta":[],"product_brand":[],"product_cat":[75],"product_tag":[207],"class_list":{"0":"post-10053","1":"product","2":"type-product","3":"status-publish","4":"has-post-thumbnail","6":"product_cat-sillas-de-ruedas-pedriaticas","7":"product_tag-silla-de-ruedas","9":"first","10":"instock","11":"taxable","12":"shipping-taxable","13":"product-type-simple"},"_links":{"self":[{"href":"https:\/\/www.enterpricecorp.com\/sitio\/wp-json\/wp\/v2\/product\/10053","targetHints":{"allow":["GET"]}}],"collection":[{"href":"https:\/\/www.enterpricecorp.com\/sitio\/wp-json\/wp\/v2\/product"}],"about":[{"href":"https:\/\/www.enterpricecorp.com\/sitio\/wp-json\/wp\/v2\/types\/product"}],"replies":[{"embeddable":true,"href":"https:\/\/www.enterpricecorp.com\/sitio\/wp-json\/wp\/v2\/comments?post=10053"}],"version-history":[{"count":1,"href":"https:\/\/www.enterpricecorp.com\/sitio\/wp-json\/wp\/v2\/product\/10053\/revisions"}],"predecessor-version":[{"id":10061,"href":"https:\/\/www.enterpricecorp.com\/sitio\/wp-json\/wp\/v2\/product\/10053\/revisions\/10061"}],"wp:featuredmedia":[{"embeddable":true,"href":"https:\/\/www.enterpricecorp.com\/sitio\/wp-json\/wp\/v2\/media\/10054"}],"wp:attachment":[{"href":"https:\/\/www.enterpricecorp.com\/sitio\/wp-json\/wp\/v2\/media?parent=10053"}],"wp:term":[{"taxonomy":"product_brand","embeddable":true,"href":"https:\/\/www.enterpricecorp.com\/sitio\/wp-json\/wp\/v2\/product_brand?post=10053"},{"taxonomy":"product_cat","embeddable":true,"href":"https:\/\/www.enterpricecorp.com\/sitio\/wp-json\/wp\/v2\/product_cat?post=10053"},{"taxonomy":"product_tag","embeddable":true,"href":"https:\/\/www.enterpricecorp.com\/sitio\/wp-json\/wp\/v2\/product_tag?post=10053"}],"curies":[{"name":"wp","href":"https:\/\/api.w.org\/{rel}","templated":true}]}}